tors of 6962779?
6962779
List the prime factors of 2026849.
11, 184259
List the prime factors of 249917.
17, 61, 241
What are the prime factors of 4778839?
13, 367603
What are the prime factors of 97167?
3, 7, 661
List the prime factors of 353340.
2, 3, 5, 13, 151
List the prime factors of 164916.
2, 3, 509
List the prime factors of 10696918.
2, 47, 113797
What are the prime factors of 343021?
7, 49003
List the prime factors of 664372.
2, 37, 67
List the prime factors of 2418399.
3, 379, 709
List the prime factors of 9399327.
3, 7, 43, 1487
List the prime factors of 344967.
3, 7, 16427
What are the prime factors of 1808007?
3, 23, 26203
List the prime factors of 576805.
5, 115361
List the prime factors of 248638.
2, 13, 73, 131
What are the prime factors of 38883?
3, 13, 997
List the prime factors of 5872394.
2, 11, 266927
What are the prime factors of 1285638?
2, 3, 47, 97
List the prime factors of 3859010.
2, 5, 385901
What are the prime factors of 1236090?
2, 3, 5, 41203
What are the prime factors of 69774?
2, 3, 29, 401
What are the prime factors of 1302940?
2, 5, 65147
What are the prime factors of 152422?
2, 17, 4483
List the prime factors of 15550.
2, 5, 311
What are the prime factors of 572825?
5, 11, 2083
List the prime factors of 1190251.
211, 5641
What are the prime factors of 1258805?
5, 251761
What are the prime factors of 4711156?
2, 137, 8597
List the prime factors of 556257.
3, 13, 17, 839
What are the prime factors of 1686114?
2, 3, 283, 331
List the prime factors of 17233518.
2, 3, 449, 6397
List the prime factors of 142598.
2, 37, 41, 47
What are the prime factors of 2970582?
2, 3, 37, 13381
List the prime factors of 10176623.
1693, 6011
What are the prime factors of 7979289?
3, 2659763
List the prime factors of 30988051.
229, 135319
List the prime factors of 269149.
29, 9281
List the prime factors of 31524750.
2, 3, 5, 14011
What are the prime factors of 1428108?
2, 3, 11, 31, 349
What are the prime factors of 29569?
29569
What are the prime factors of 211477?
7, 30211
List the prime factors of 218828.
2, 227, 241
What are the prime factors of 32119251?
3, 2753, 3889
What are the prime factors of 346964?
2, 127, 683
List the prime factors of 214202.
2, 107101
What are the prime factors of 3952497?
3, 29, 181, 251
List the prime factors of 663214.
2, 19, 31, 563
List the prime factors of 2429157.
3, 809719
List the prime factors of 914039.
7, 17, 7681
What are the prime factors of 506394?
2, 3, 7, 4019
List the prime factors of 532591.
61, 8731
What are the prime factors of 35319852?
2, 3, 797, 1231
What are the prime factors of 28545471?
3, 41, 77359
List the prime factors of 1048587.
3, 349529
List the prime factors of 235657.
19, 79, 157
List the prime factors of 95339.
95339
List the prime factors of 2037143.
1013, 2011
What are the prime factors of 7063209?
3, 331, 2371
List the prime factors of 396477.
3, 44053
What are the prime factors of 30132051?
3, 10044017
List the prime factors of 1382417.
179, 7723
What are the prime factors of 336582?
2, 3, 23, 271
What are the prime factors of 11185194?
2, 3, 1283, 1453
List the prime factors of 678597.
3, 226199
What are the prime factors of 3124358?
2, 809, 1931
What are the prime factors of 13966770?
2, 3, 5, 89, 5231
What are the prime factors of 2367371?
37, 109, 587
List the prime factors of 38869278.
2, 3, 7, 677, 1367
What are the prime factors of 1771644?
2, 3, 7, 23, 131
List the prime factors of 9167634.
2, 3, 7, 79, 307
List the prime factors of 1894061.
13, 53, 2749
What are the prime factors of 4996097?
4996097
What are the prime factors of 1787979?
3, 241, 2473
What are the prime factors of 9293506?
2, 4646753
What are the prime factors of 141409?
41, 3449
List the prime factors of 5444415.
3, 5, 4481
List the prime factors of 7395795.
3, 5, 11, 67, 223
List the prime factors of 179015.
5, 35803
What are the prime factors of 19707774?
2, 3, 557, 5897
What are the prime factors of 97410?
2, 3, 5, 17, 191
List the prime factors of 20984190.
2, 3, 5, 103, 6791
List the prime factors of 4173724.
2, 101, 10331
List the prime factors of 7819462.
2, 7, 558533
List the prime factors of 1376280.
2, 3, 5, 3823
List the prime factors of 921336.
2, 3, 13, 2953
What are the prime factors of 16549924?
2, 827, 5003
List the prime factors of 281088.
2, 3, 61
What are the prime factors of 3729074?
2, 47, 39671
What are the prime factors of 6742365?
3, 5, 7, 157, 409
What are the prime factors of 989891?
7, 141413
What are the prime factors of 8734169?
8734169
What are the prime factors of 3441808?
2, 89, 2417
List the prime factors of 6806761.
13, 523597
What are the prime factors of 450676?
2, 307, 367
What are the prime factors of 373437?
3, 13831
What are the prime factors of 1509115?
5, 113, 2671
List the prime factors of 6933203.
6933203
What are the prime factors of 213910?
2, 5, 21391
What are the prime factors of 722071?
7, 29, 3557
List the prime factors of 819226.
2, 157, 2609
What are the prime factors of 650801?
317, 2053
What are the prime factors of 925056?
2, 3, 11, 73
List the prime factors of 1753327.
317, 5531
List the prime factors of 4198322.
2, 47, 59, 757
What are the prime factors of 19400470?
2, 5, 1940047
What are the prime factors of 2755956?
2, 3, 7, 43, 109
What are the prime factors of 282243?
3, 13, 7237
List the prime factors of 1701680.
2, 5, 89, 239
List the prime factors of 340870.
2, 5, 89, 383
What are the prime factors of 91891?
43, 2137
List the prime factors of 11965485.
3, 5, 7, 113957
List the prime factors of 532957.
61, 8737
What are the prime factors of 218189?
37, 5897
What are the prime factors of 342369?
3, 109, 349
What are the prime factors of 39965151?
3, 19, 179, 3917
List the prime factors of 6068530.
2, 5, 13, 46681
List the prime factors of 24020505.
3, 5, 31, 67, 257
List the prime factors of 2286.
2, 3, 127
List the prime factors of 1412379.
3, 139, 1129
List the prime factors of 905038.
2, 452519
What are the prime factors of 1468552?
2, 183569
List the prime factors of 5033778.
2, 3, 838963
What are the prime factors of 33338?
2, 79, 211
List the prime factors of 857978.
2, 11, 59, 661
List the prime factors of 25859663.
25859663
What are the prime factors of 111220?
2, 5, 67, 83
List the prime factors of 1980241.
157, 12613
List the prime factors of 9668808.
2, 3, 43, 347
List the prime factors of 327658.
2, 17, 23, 419
List the prime factors of 217781.
217781
What are the prime factors of 570887?
570887
List the prime factors of 290983.
7, 11, 3779
List the prime factors of 2652936.
2, 3, 11, 13, 773
List the prime factors of 15192882.
2, 3, 463, 1823
List the prime factors of 5623079.
7, 11, 103, 709
List the prime factors of 3174607.
3174607
What are the prime factors of 3688104?
2, 3, 7, 29, 757
What are the prime factors of 13586056?
2, 11, 154387
List the prime factors of 2630811.
3, 37, 137, 173
What are the prime factors of 1390035?
3, 5, 92669
What are the prime factors of 1385039?
1385039
What are the prime factors of 8630393?
167, 51679
List the prime factors of 244843.
244843
List the prime factors of 2216345.
5, 31, 79, 181
What are the prime factors of 802529?
7, 13, 8819
List the prime factors of 12729462.
2, 3, 43, 49339
List the prime factors of 9453321.
3, 347, 1009
What are the prime factors of 24554690?
2, 5, 2455469
List the prime factors of 29850500.
2, 5, 227, 263
List the prime factors of 6536611.
6536611
What are the prime factors of 5705716?
2, 1426429
List the prime factors of 915250.
2, 5, 7, 523
List the prime factors of 237151.
237151
What are the prime factors of 1034808?
2, 3, 43117
What are the prime factors of 1339935?
3, 5, 89329
What are the prime factors of 2704374?
2, 3, 61, 821
List the prime factors of 4265729.
13, 43, 587
What are the prime factors of 437020?
2, 5, 21851
List the prime factors of 127384.
2, 15923
What are the prime factors of 253714?
2, 126857
What are the prime factors of 3547352?
2, 443419
What are the prime factors of 36029695?
5, 13, 554303
List the prime factors of 963598.
2, 97, 4967
List the prime factors of 7713190.
2, 5, 83, 9293
What are the prime factors of 691409?
691409
List the prime factors of 1373062.
2, 739, 929
What are the prime factors of